factors of 2283.
3, 761
What are the prime factors of 41651?
41651
What are the prime factors of 167247?
3, 18583
List the prime factors of 9601.
9601
What are the prime factors of 1065?
3, 5, 71
List the prime factors of 22765.
5, 29, 157
What are the prime factors of 7932?
2, 3, 661
List the prime factors of 5297.
5297
What are the prime factors of 3862?
2, 1931
List the prime factors of 288.
2, 3
What are the prime factors of 454?
2, 227
What are the prime factors of 19921?
11, 1811
List the prime factors of 7083.
3, 787
List the prime factors of 10351.
11, 941
List the prime factors of 5026.
2, 7, 359
What are the prime factors of 7055?
5, 17, 83
What are the prime factors of 20003?
83, 241
List the prime factors of 10397.
37, 281
What are the prime factors of 12955?
5, 2591
What are the prime factors of 1952?
2, 61
List the prime factors of 463.
463
What are the prime factors of 8402?
2, 4201
List the prime factors of 124908.
2, 3, 7, 1487
What are the prime factors of 909?
3, 101
List the prime factors of 1769.
29, 61
What are the prime factors of 4523?
4523
List the prime factors of 57.
3, 19
List the prime factors of 2932.
2, 733
List the prime factors of 14292.
2, 3, 397
List the prime factors of 18296.
2, 2287
List the prime factors of 277.
277
List the prime factors of 1688.
2, 211
List the prime factors of 55357.
197, 281
List the prime factors of 182148.
2, 3, 43, 353
What are the prime factors of 59133?
3, 23, 857
List the prime factors of 72198.
2, 3, 7, 191
List the prime factors of 50732.
2, 11, 1153
What are the prime factors of 804?
2, 3, 67
What are the prime factors of 3424?
2, 107
What are the prime factors of 170?
2, 5, 17
What are the prime factors of 19813?
19813
List the prime factors of 9779.
7, 11, 127
What are the prime factors of 54183?
3, 18061
List the prime factors of 7885.
5, 19, 83
What are the prime factors of 3237?
3, 13, 83
What are the prime factors of 2899?
13, 223
What are the prime factors of 2961?
3, 7, 47
What are the prime factors of 1530?
2, 3, 5, 17
List the prime factors of 85736.
2, 7, 1531
List the prime factors of 1717.
17, 101
What are the prime factors of 29881?
29881
What are the prime factors of 1170?
2, 3, 5, 13
What are the prime factors of 2698?
2, 19, 71
List the prime factors of 27637.
29, 953
What are the prime factors of 5261?
5261
List the prime factors of 19159.
7, 17, 23
What are the prime factors of 236?
2, 59
List the prime factors of 123514.
2, 61757
What are the prime factors of 9606?
2, 3, 1601
List the prime factors of 39165.
3, 5, 7, 373
What are the prime factors of 292?
2, 73
What are the prime factors of 37504?
2, 293
What are the prime factors of 9005?
5, 1801
List the prime factors of 1256.
2, 157
What are the prime factors of 4594?
2, 2297
What are the prime factors of 494?
2, 13, 19
What are the prime factors of 1659?
3, 7, 79
What are the prime factors of 177480?
2, 3, 5, 17, 29
List the prime factors of 8735.
5, 1747
List the prime factors of 489.
3, 163
List the prime factors of 4925.
5, 197
What are the prime factors of 980?
2, 5, 7
What are the prime factors of 14212?
2, 11, 17, 19
List the prime factors of 63614.
2, 17, 1871
List the prime factors of 2341.
2341
List the prime factors of 356.
2, 89
What are the prime factors of 23476?
2, 5869
List the prime factors of 24559.
41, 599
What are the prime factors of 11574?
2, 3, 643
What are the prime factors of 15524?
2, 3881
List the prime factors of 3495.
3, 5, 233
What are the prime factors of 3454?
2, 11, 157
What are the prime factors of 36036?
2, 3, 7, 11, 13
List the prime factors of 29842.
2, 43, 347
List the prime factors of 4513.
4513
List the prime factors of 5829.
3, 29, 67
What are the prime factors of 526?
2, 263
List the prime factors of 4572.
2, 3, 127
List the prime factors of 1834.
2, 7, 131
List the prime factors of 1367.
1367
List the prime factors of 11914.
2, 7, 23, 37
What are the prime factors of 3328?
2, 13
List the prime factors of 57023.
127, 449
List the prime factors of 4292.
2, 29, 37
List the prime factors of 68670.
2, 3, 5, 7, 109
What are the prime factors of 39434?
2, 19717
List the prime factors of 1353.
3, 11, 41
List the prime factors of 1702.
2, 23, 37
List the prime factors of 9890.
2, 5, 23, 43
What are the prime factors of 14404?
2, 13, 277
List the prime factors of 2794.
2, 11, 127
What are the prime factors of 41600?
2, 5, 13
What are the prime factors of 5320?
2, 5, 7, 19
What are the prime factors of 43756?
2, 10939
What are the prime factors of 40385?
5, 41, 197
What are the prime factors of 1562?
2, 11, 71
What are the prime factors of 628?
2, 157
List the prime factors of 1419.
3, 11, 43
What are the prime factors of 1332?
2, 3, 37
List the prime factors of 4098.
2, 3, 683
List the prime factors of 5070.
2, 3, 5, 13
List the prime factors of 15874.
2, 7937
List the prime factors of 1887.
3, 17, 37
List the prime factors of 13995.
3, 5, 311
List the prime factors of 9821.
7, 23, 61
List the prime factors of 6230.
2, 5, 7, 89
List the prime factors of 918.
2, 3, 17
What are the prime factors of 3055?
5, 13, 47
List the prime factors of 5556.
2, 3, 463
List the prime factors of 14348.
2, 17, 211
List the prime factors of 1201.
1201
List the prime factors of 1414.
2, 7, 101
List the prime factors of 27204.
2, 3, 2267
What are the prime factors of 313?
313
List the prime factors of 9869.
71, 139
List the prime factors of 395.
5, 79
What are the prime factors of 1771?
7, 11, 23
List the prime factors of 777.
3, 7, 37
List the prime factors of 1916.
2, 479
What are the prime factors of 173716?
2, 137, 317
List the prime factors of 71023.
71023
What are the prime factors of 2694?
2, 3, 449
List the prime factors of 1993.
1993
What are the prime factors of 20965?
5, 7, 599
List the prime factors of 3672.
2, 3, 17
List the prime factors of 253.
11, 23
List the prime factors of 11315.
5, 31, 73
What are the prime factors of 79950?
2, 3, 5, 13, 41
What are the prime factors of 5164?
2, 1291
List the prime factors of 25555.
5, 19, 269
List the prime factors of 1371.
3, 457
What are the prime factors of 34038?
2, 3, 31, 61
List the prime factors of 20443.
20443
What are the prime factors of 51?
3, 17
What are the prime factors of 500?
2, 5
List the prime factors of 75795.
3, 5, 31, 163
List the prime factors of 1432.
2, 179
What are the prime factors of 3646?
2, 1823
What are the prime factors of 5990?
2, 5, 599
What are the prime factors of 1170?
2, 3, 5, 13
List the prime factors of 37998.
2, 3, 2111
List the prime factors of 531.
3, 59
What are the prime factors of 13629?
3, 7, 11, 59
What are the prime factors of 3304?
2, 7, 59
What are the prime factors of 40937?
13, 47, 67
List the prime factors of 2454.
2, 3, 409
What are the prime factors of 1746?
2, 3, 97
List the prime factors of 5940.
2, 3, 5, 11
What are the prime factors of 18540?
2, 3, 5, 103
What are the prime factors of 14080?
2, 5, 11
What are the prime factors of 531?
3, 59
List the prime factors of 3072.
2, 3
What are the prime factors of 15040?
2, 5, 47
List the prime factors of 443.
443
List the prime factors of 97702.
2, 11, 4441
List the prime factors of 64424.
2, 8053
List the prime factors of 765.
3, 5, 17
List the prime factors of 936.
2, 3, 13
What are the prime factors of 682?
2, 11, 31
What are the prime factors of 32212?
2, 8053
List the prime factors of 24235.
5, 37, 131
What are the prime factors of 72169?
72169
What are the prime factors of 1106?
2, 7, 79
What are the prime factors of 10939?
10939
What are the prime factors of 8155?
5, 7, 233
What are the prime factors of 13164?
2, 3, 1097
List the prime factors of 19913.
19913
What are the prime factors of 20012?
2, 5003
What are the prime factors of 52686?
2, 3, 2927
List the prime factors of 1655.
5, 331
What are the prime factors of 879?
3, 293
List the prime factors of 932.
2, 233
List the prime factors of 725.
5, 29
What are the prime factors of 383?
383
List the prime factors of 9431.
9431
What are the prime factors of 12328?
2, 23, 67
List the prime factors of 561.
3, 11, 17
What are the prime factors of 11387?
59, 193
What are the prime factors of 869?
11, 79
List the prime factors of 561.
3, 11, 17
What are the prime factors of 1978?